ctor of g and 26125?
275
Let x(o) = o**3 - 2*o**2 + o + 584. Let b be x(0). Let q = b - 524. What is the greatest common factor of 270 and q?
30
Suppose -2*t = -6*t + t + 13053. What is the greatest common divisor of 19 and t?
19
Let a = -9863 + 9907. Calculate the greatest common factor of 26136 and a.
44
Suppose 16 = 3*h - 29. Let u be 15/(30/508) - -1. Calculate the greatest common divisor of u and h.
15
Let k be 12*1*(-9)/(-2). Let t(y) = 2*y**3 + 37*y**2 - 15*y. Let z be t(-18). Calculate the highest common divisor of k and z.
54
Suppose 16*z = 12*z + 80. Let p = z - 21. Let l be -6*8/(-2) + -2 + p. Calculate the greatest common divisor of 84 and l.
21
Let n(w) = -6*w**2 + 10*w + 55. Let j be n(-5). Let k = j - -247. Calculate the greatest common factor of 3 and k.
3
Suppose -5*g + 3660 = 4*v, g - 146 = -2*v + 580. What is the greatest common factor of g and 72?
8
Let y(q) = -3*q**3 + 50*q**2 + 18*q - 16. Let r be y(17). Let x be (0/(-2) - -10) + r + 2. What is the greatest common factor of 39 and x?
13
Let s = 204 + -129. Suppose 3*x = 3*n - s, 0 = x - 6*x + 20. What is the greatest common divisor of n and 203?
29
Suppose -87 = 7*h - 6*h. Let p be ((-4)/(-6))/(h/18 - -5). Suppose p*f + 3*s = -s + 72, -3*s + 74 = 4*f. Calculate the highest common factor of 50 and f.
10
Let y(d) = 6*d - 15. Let x be y(5). Suppose -2*r + x = -0*r + k, 0 = -2*k - 6. Suppose -27 = 6*p - r*p. Calculate the greatest common divisor of 1 and p.
1
Suppose j = 4*k + 4 - 187, -3*k - j = -153. What is the greatest common divisor of 5688 and k?
24
Suppose 0 = 2*p + p - 648. Suppose -37*q + 28*q = -4878. Let z = q - 515. What is the highest common factor of z and p?
27
Suppose -17*k - 3462 + 12982 = 0. What is the greatest common factor of k and 460?
20
Let s(w) = w**3 - 35*w**2 + 6*w - 203. Let v be s(35). Suppose 6 = t - 0*t. Suppose 0 = t*l - l - 35. Calculate the greatest common factor of l and v.
7
Let h be (74 + 0)/(((-34)/(-119))/((-15)/(-35))). Calculate the greatest common factor of h and 1924.
37
Suppose -4*u + 2742 = -2*x, 8*u - 851 = -2*x + 4615. What is the greatest common divisor of 4275 and u?
171
Let g be 170 + -3 - (3 - 1). Let l = 186 - g. Calculate the greatest common factor of 105 and l.
21
Suppose -u = -w - 4437, 2*u + 5*w = 13403 - 4550. What is the highest common divisor of u and 18?
6
Let q be -6 + 18 + (12 - -4953). What is the greatest common divisor of 63 and q?
63
Suppose 1692 = -2024*s + 2025*s - 5*w, 3*w = -3*s + 5148. What is the greatest common factor of s and 184?
8
Suppose -t - 2846 = -2*b, -2*b + 2381 = 6*t - 451. What is the highest common factor of b and 54?
18
Let z = -9408 - -10211. What is the highest common divisor of z and 99?
11
Suppose -m + 5*m = 3*p + 101, 0 = -4*p + m - 113. Let k be 153 + p/63 + (-8)/14. Calculate the highest common divisor of k and 16.
8
Suppose 20 = -3*o + 8*o. Let p(q) = 36*q - o*q - 13 + 6*q. Let w be p(2). Calculate the greatest common factor of w and 7.
7
Suppose 0 = -4*g - 2*u + 7648, 2*g + 8*u - 4*u - 3830 = 0. Suppose 3*a = 1971 - g. Calculate the greatest common factor of a and 190.
10
Let q = 15 - -20. Suppose 19 = s - g + 2, -g = 3*s - q. Suppose 0 = -180*h + 179*h + 4*o + 135, 6*o = 5*h - 703. What is the greatest common factor of h and s?
13
Let b be (-10544)/20 + 4/20. Let t = b - -744. What is the highest common divisor of t and 124?
31
Let f(k) = k**3 - 5*k**2 - 3*k - 3. Let z be f(3). Let l = -70 - z. Let d be (-2)/(l/(-12) - 4). What is the highest common divisor of d and 6?
3
Suppose -a = -2*u + 263, -u - 839 = 2*a - 338. Let c be 6/(-24) - a/4. What is the greatest common divisor of 168 and c?
21
Let m(u) = 4*u**2 + 12*u - 62. Suppose 0 = 17*f - 13*f - 4, -2*r + 3*f = -5. Let q be m(r). What is the highest common divisor of q and 25?
25
Suppose 4*x - 14 = -a, 17 + 85 = 5*a + 4*x. Let y be -1 + (-86)/(-82) - 6073704/(-7462). Calculate the greatest common factor of y and a.
22
Let x be (-160 + 155)/(10/(-252) + 0). What is the greatest common factor of 477 and x?
9
Let n = 3071 + -1418. What is the greatest common factor of 95 and n?
19
Let s be (-1916)/(-20) - 1/(-5). Let k be ((-448)/6)/(3/(-9)). What is the greatest common divisor of s and k?
32
Let g be (3/((360/(-16))/15) - -1179)*1. What is the greatest common divisor of 11 and g?
11
Suppose 4*k = 4*n + 4036, -k - 5*n = 17 - 972. What is the greatest common divisor of k and 68?
4
Let h = 18 + -4. Let k = -37 + 41. Let i be k/h - (515/(-35) - -3). What is the highest common factor of i and 96?
12
Suppose 7*g = 11*g - q - 64, 0 = -4*q. Suppose -18*z = -g*z - 2304. Calculate the greatest common divisor of z and 9.
9
Suppose 4*l + 3514 = -4*g + 6*g, -3*g = -l - 5266. Suppose 0*f + g = 9*f. What is the greatest common factor of 39 and f?
39
Let r be 4 - 245/56 - 115/(-8). Suppose -252 = 11*h - r*h. What is the greatest common factor of 36 and h?
12
Let z = -33963 - -34753. Calculate the highest common factor of 390 and z.
10
Suppose 0 = 401*u - 402*u - 4*r + 597, 2*r = 6. What is the highest common divisor of 5499 and u?
117
Let r be 11/(110/4)*(7649 + -5 - -1). What is the highest common factor of r and 66?
22
Let d(q) = -2*q**2 - 15*q - 4. Let n be d(-7). Suppose 5*y - 6*y = l - 38, n*y = -9. What is the highest common divisor of 164 and l?
41
Let p = 190 + -198. Let z be 0 + -2 + (120 - (-8)/p). Calculate the greatest common factor of z and 45.
9
Let r(j) = 65*j - 125. Let h be r(13). Suppose -76*o + 82*o = h. What is the highest common divisor of 40 and o?
40
Let s be -88*-1*(-2)/(-4). Let q(f) = 2*f**2 + 3*f + 4. Let x be q(-3). Suppose c = x - 2. What is the highest common divisor of c and s?
11
Suppose 29 = -5*s + 94. Suppose -x = -0*x + 5*p + 345, 10 = 2*p. Let y = x - -396. Calculate the highest common factor of y and s.
13
Suppose -36*j = 70*j + 156*j - 1378120. Calculate the highest common factor of 40 and j.
20
Suppose 3*k - 2058 = -2*v, 0 = -4*v - 3*k + 1502 + 2608. What is the highest common factor of v and 2622?
114
Let d(l) = l**3 + 12*l**2 - 34*l - 219. Let i be d(-13). What is the highest common divisor of i and 5454?
54
Let i = -217 + 222. Suppose -m - 3*p = -i*m + 147, -p = -3*m + 104. Calculate the greatest common divisor of 99 and m.
33
Let u be (-178 + -2)*(-2)/4. Suppose 4*p = -55 + 215. Suppose -527*f + p = -523*f. What is the greatest common factor of u and f?
10
Suppose -46890 - 44718 + 31236 = -108*z. What is the greatest common factor of z and 1183?
13
Suppose 431*j - 8 = 423*j. Let h be (-2 - j)/((-710)/(-90) - 8). What is the greatest common divisor of h and 18?
9
Let v = -214 - -284. Suppose 18*l - 8*l = v. What is the greatest common divisor of l and 56?
7
Let a be (19/2)/19 + (-523)/(-2). Let i = 279 - a. What is the highest common divisor of i and 4?
1
Let r be 333/(1 - -2)*15/((-675)/(-2235)). What is the highest common factor of 74 and r?
37
Let m be 56712/1632 + (-6)/8. Suppose 4*i - 404 = -4*t, 3*t + 5*i = 3*i + 304. What is the highest common divisor of m and t?
34
Let u(t) = t**3 + 10*t**2 - 6*t - 24. Let j be u(-10). Suppose -1033 = 2*k - 1105. What is the greatest common factor of j and k?
36
Let j = 234 - 150. Let b be 56/21 - 4/(-3). Let q be 1 + -4*(-11)/b. Calculate the greatest common divisor of j and q.
12
Let p(u) = 2*u**2 - 19. Let q be p(-4). Suppose -5*j + 213 + 22 = 0. Let t be 13*(-3 + j)/4. Calculate the highest common factor of t and q.
13
Let r = -907 + 2688. What is the greatest common factor of r and 104?
13
Let c = 3252 + -3099. Calculate the highest common divisor of 612 and c.
153
Let z = -45 + 1330. Let g = 1395 - z. Let c(r) = r**2 + 3*r - 8. Let u be c(-6). Calculate the greatest common factor of u and g.
10
Let v = -3252 - -3315. What is the highest common factor of 1827 and v?
63
Suppose -z = -0*z. Let s be 3 - (z + -67)*1. Let t(v) = -v**3 - 6*v**2 + 9*v + 13. Let l be t(-9). What is the greatest common factor of s and l?
35
Suppose 22 = -3*r + 5*r. Let d be (-59 - (-8)/2)*(-272)/80. Calculate the highest common factor of r and d.
11
Suppose -6*o + 5*o = 0. Suppose -3*t + w = 5*w - 12, o = -5*t + w + 20. Suppose q = -q + y + 74, 5*y + 10 = 0. What is the greatest common factor of q and t?
4
Let l be (4 + -1 + 4 + (-27)/18)*2. What is the highest common divisor of 